553.
552
Calculate the remainder when 873 is divided by 305.
263
Calculate the remainder when 4260 is divided by 2084.
92
Calculate the remainder when 5048 is divided by 140.
8
What is the remainder when 461608 is divided by 45?
43
What is the remainder when 4219 is divided by 162?
7
Calculate the remainder when 38775 is divided by 74.
73
What is the remainder when 4593359 is divided by 48?
47
What is the remainder when 4019 is divided by 52?
15
Calculate the remainder when 27775 is divided by 86.
83
What is the remainder when 14018 is divided by 2313?
140
Calculate the remainder when 3081 is divided by 320.
201
What is the remainder when 3214672 is divided by 77?
76
Calculate the remainder when 1404068 is divided by 5.
3
What is the remainder when 13547 is divided by 648?
587
Calculate the remainder when 1508 is divided by 41.
32
What is the remainder when 215175 is divided by 215164?
11
Calculate the remainder when 8177 is divided by 2607.
356
Calculate the remainder when 77255 is divided by 696.
695
Calculate the remainder when 1757362 is divided by 239.
234
Calculate the remainder when 342536 is divided by 180.
176
What is the remainder when 128615 is divided by 69?
68
Calculate the remainder when 37207 is divided by 12397.
16
What is the remainder when 35513 is divided by 17746?
21
What is the remainder when 1661 is divided by 143?
88
What is the remainder when 16373 is divided by 23?
20
Calculate the remainder when 11409 is divided by 1627.
20
Calculate the remainder when 20078 is divided by 165.
113
What is the remainder when 631 is divided by 54?
37
What is the remainder when 6473 is divided by 548?
445
What is the remainder when 43890 is divided by 85?
30
Calculate the remainder when 398 is divided by 53.
27
What is the remainder when 5116 is divided by 383?
137
Calculate the remainder when 13288 is divided by 4390.
118
Calculate the remainder when 3684 is divided by 206.
182
What is the remainder when 23921 is divided by 98?
9
What is the remainder when 167695 is divided by 12897?
34
What is the remainder when 167273 is divided by 355?
68
What is the remainder when 11584 is divided by 2894?
8
Calculate the remainder when 12948 is divided by 14.
12
What is the remainder when 335939 is divided by 796?
27
Calculate the remainder when 5255 is divided by 752.
743
What is the remainder when 2251 is divided by 382?
341
Calculate the remainder when 487617 is divided by 715.
702
Calculate the remainder when 1583 is divided by 31.
2
What is the remainder when 8753 is divided by 27?
5
Calculate the remainder when 9860 is divided by 189.
32
Calculate the remainder when 20950 is divided by 1097.
107
What is the remainder when 20772 is divided by 6890?
102
Calculate the remainder when 2682 is divided by 91.
43
Calculate the remainder when 17354 is divided by 757.
700
What is the remainder when 10891 is divided by 490?
111
Calculate the remainder when 1256810 is divided by 56.
2
Calculate the remainder when 189294 is divided by 289.
288
What is the remainder when 2520816 is divided by 77?
67
Calculate the remainder when 108681 is divided by 410.
31
What is the remainder when 42552 is divided by 50?
2
What is the remainder when 76111 is divided by 87?
73
What is the remainder when 59128 is divided by 45?
43
Calculate the remainder when 58245 is divided by 18.
15
Calculate the remainder when 1435749 is divided by 23.
20
What is the remainder when 66461 is divided by 16615?
1
Calculate the remainder when 162874 is divided by 125.
124
Calculate the remainder when 23426 is divided by 116.
110
What is the remainder when 4532 is divided by 274?
148
What is the remainder when 13936 is divided by 17?
13
Calculate the remainder when 3906 is divided by 1952.
2
Calculate the remainder when 7985 is divided by 348.
329
Calculate the remainder when 843 is divided by 336.
171
What is the remainder when 3302 is divided by 103?
6
Calculate the remainder when 36002 is divided by 17.
13
Calculate the remainder when 55288 is divided by 2909.
17
Calculate the remainder when 18248 is divided by 6077.
17
What is the remainder when 56555 is divided by 583?
4
What is the remainder when 474025 is divided by 230?
225
What is the remainder when 6655 is divided by 26?
25
Calculate the remainder when 131747 is divided by 1166.
1155
What is the remainder when 44452 is divided by 318?
250
What is the remainder when 43330 is divided by 4794?
184
What is the remainder when 29221 is divided by 158?
149
What is the remainder when 2048 is divided by 50?
48
What is the remainder when 4725 is divided by 14?
7
Calculate the remainder when 736 is divided by 83.
72
Calculate the remainder when 1727 is divided by 330.
77
Calculate the remainder when 45844 is divided by 361.
358
Calculate the remainder when 6039 is divided by 302.
301
What is the remainder when 2873 is divided by 530?
223
Calculate the remainder when 123594 is divided by 61789.
16
Calculate the remainder when 9433 is divided by 370.
183
Calculate the remainder when 49007 is divided by 115.
17
What is the remainder when 1039457 is divided by 595?
587
Calculate the remainder when 674671 is divided by 283.
282
Calculate the remainder when 73954 is divided by 73938.
16
What is the remainder when 8025 is divided by 7239?
786
What is the remainder when 359 is divided by 327?
32
What is the remainder when 26643 is divided by 329?
323
Calculate the remainder when 12456 is divided by 1382.
18
Calculate the remainder when 26534 is divided by 26.
14
What is the remainder when 3133 is divided by 332?
145
Calculate the remainder when 1350 is divided by 676.
674
Calculate the remainder when 36770 is divided by 51.
50
What is the remainder when 569 is divided by 129?
53
What is the remainder when 10060 is divided by 4?
0
What is the remainder when 641128 is divided by 10?
8
What is the remainder when 16275 is divided by 4068?
3
Calculate the remainder when 20659 is divided by 28.
23
Calculate the remainder when 1884 is divided by 1879.
5
Calculate the remainder when 39924 is divided by 87.
78
Calculate the remainder when 58366 is divided by 65.
61
What is the remainder when 2032 is divided by 125?
32
Calculate the remainder when 32811 is divided by 269.
262
Calculate the remainder when 122333 is divided by 621.
617
Calculate the remainder when 4309 is divided by 335.
289
What is the remainder when 137948 is divided by 986?
894
Calculate the remainder when 4090 is divided by 682.
680
What is the remainder when 366 is divided by 156?
54
Calculate the remainder when 3705 is divided by 206.
203
What is the remainder when 9912 is divided by 868?
364
What is the remainder when 21059 is divided by 4209?
14
Calculate the remainder when 24452 is divided by 202.
10
What is the remainder when 4952 is divided by 28?
24
Calculate the remainder when 9103 is divided by 910.
3
Calculate the remainder when 146996 is divided by 6391.
3
Calculate the remainder when 32488 is divided by 6478.
98
What is the remainder when 7381 is divided by 123?
1
What is the remainder when 26999 is divided by 572?
115
What is the remainder when 4196 is divided by 472?
420
What is the remainder when 769347 is divided by 115?
112
Calculate the remainder when 1920 is divided by 943.
34
Calculate the remainder when 3415 is divided by 1702.
11
What is the remainder when 15693459 is divided by 1076?
1075
What is the remainder when 87613 is divided by 37?
34
What is the remainder when 3685 is divided by 1808?
69
What is the remainder when 122 is divided by 19?
8
Calculate the remainder when 1011382 is divided by 28.
22
Calculate the remainder when 11564 is divided by 912.
620
What is the remainder when 509319 is divided by 509288?
31
Calculate the remainder when 1161335 is divided by 44.
43
Calculate the remainder when 1488111 is divided by 47.
44
Calculate the remainder when 3706 is divided by 49.
31
What is the remainder when 82563 is divided by 62?
41
Calculate the remainder when 12580 is divided by 1641.
1093
Calculate the remainder when 1792 is divided by 68.
24
What is the remainder when 14427 is divided by 41?
36
Calculate the remainder when 1879009 is divided by 19.
4
What is the remainder when 7910 is divided by 106?
66
Calculate the remainder when 12945 is divided by 3